5
What is the value of -12 + -12 + (8 - 11 - 0) + -50?
-77
(-3 - 47) + 68 + (5 - 24)
-1
What is the value of 23 + 5 + -10 + -4 + (0 - 0)?
14
What is (-2 + 1 - (2 + -9)) + (-4110 - -4122)?
18
Evaluate (102 - -4) + -72 + -8.
26
What is the value of -9 + (-7 - 31) - -23?
-24
What is 4 + 69 + -28 + (-4 - 14) + 5?
32
Calculate 56 - (79 + (-35 - 53)).
65
Evaluate 7 + -21 - (-9 + 0 + 55 + -45 + 8).
-23
Evaluate -24 - (-9 + (-15 - 20 - -10)).
10
Evaluate 0 - (21 - (9 + -5)) - (24 - 26).
-15
(-94 - -79) + 7 - -20
12
Calculate 2 - 3 - 2 - (188 - (621 - 318)).
112
Evaluate -21 + (-19 + (-11 - -87) - 15).
21
Calculate 15 + (38 - (8 - 12)) + -13.
44
91 + -6 + (-108 - -104)
81
53 - (7 + -1 + (10 - 21) - (-18 - -3))
43
Evaluate -4 - 14 - (-494 - -480).
-4
What is 95 - 100 - (-3 + 5 + 0 - (-67 - 8))?
-82
What is the value of (36 - 3 - -7) + -398 + 400?
42
(-467 - -440) + (60 - 2) + 1
32
What is -2 - -1 - -11 - (108 + -304 + 172)?
34
What is the value of -54 + -119 + 5 + 172?
4
What is the value of (-9 - -13 - (58 + -61 + (2 - -5))) + 67?
67
Evaluate -100 + 63 + 40 + (-2 - 14).
-13
What is 267 + -281 - ((-1 - 2) + -4 + 10 + -63)?
46
587 + -597 + 3 + (-95 - (5 - (2 - 0)))
-105
162 + 24 - 103 - (9 - 53)
127
What is the value of 1 + (1 - 22) + (-10 - (-3 - (1 - 0)))?
-26
Calculate -12 + 0 - (-13 + -293 + 261).
33
(-27 + -4 - 15) + 30 + 67
51
Evaluate (17 + -3 - 9) + 0 - (46 + -183).
142
Evaluate -49 + -10 + -19 + 22 + (-3 - -8).
-51
What is 77 - 55 - 51 - -24?
-5
What is the value of -90 + -4 + 45 - -78?
29
What is the value of 159 - ((79 - 2) + 59)?
23
36 + 143 + -104 + -33
42
What is 105 - (-7 + 13 - (39 - 55))?
83
What is (-253 + 157 - -71) + -2 + 102?
75
What is the value of -100 + (2 - 1) + (-60 - (97 + -162))?
-94
Calculate -1424 - -1341 - (-4 + -102).
23
What is the value of -11 + 31 + -10 + (-16 - -12 - 53)?
-47
What is the value of -9 - (24 + 70 - (2 + (-5 - -5))) - 6?
-107
-1 + (0 - 7) - -29
21
Evaluate -24 - (11 + (-1 - (2 - (1 + 0)))).
-33
What is (41 - (75 - 44)) + (9 - 1)?
18
What is the value of (50 - -2 - (1078 - 1016)) + -1 + (120 - -1)?
110
What is (2 - (2 + 3)) + 4 + 2 - (-3688 - -3715)?
-24
What is the value of 0 + (1 - 8) - -2 - (-40 + 19 + 39)?
-23
-7 + -8 + (9 - 21) + -47 - 17
-91
What is -3 + 26 - ((-22 - (-44 - -41)) + 18)?
24
Calculate -197 + (2 - -41 - (518 + -521)).
-151
Evaluate (130 - 75) + 17 + -137.
-65
Calculate -2 - (-20 + 4 + (52 - 33) + 31).
-36
(-84 - -71) + -11 + 77
53
Evaluate (37 - (12 + 21)) + -27 + 1 + 0 - 11.
-33
What is the value of (15 - -48) + -29 + -16 + 26?
44
What is the value of 27 - (-2 + -9 + (-113 - -110))?
41
What is (40 - 44) + (3 - -2) + 4 + -89 + 3?
-81
What is (-11 - 19) + (-83 - -179)?
66
Calculate 16 + 99 + (6 - 61).
60
Evaluate -144 - -136 - (1 + (2 - 1) + 39).
-49
What is the value of -140 + 162 - (84 + -6)?
-56
Calculate 18 + -3 + -12 + -20.
-17
Evaluate (69 - -60) + -113 - (67 + -1).
-50
Evaluate 105 - (-7 + 26 - -54).
32
(-61 - (-38 - 45)) + -84
-62
What is 29 + -102 + 41 + 1?
-31
What is 32 + 13 + 103 + (4 - 35)?
117
What is 0 - 28 - ((5811 - 5800) + -12 + 1 + -1)?
-27
Calculate (24 - (32 + 3 + -12)) + -105 + (-2 - -9).
-97
Evaluate 35 + (-59 - -78) + -66.
-12
What is the value of (214 + -34 - 53) + -69?
58
Calculate -78 + (15 - (0 - 13 - (2 + -21))).
-69
Evaluate -65 + (14 - 8 - -7 - (1 + 2 + -1)).
-54
What is -29 - -18 - -19 - (0 + -18)?
26
What is the value of -20 - ((-54 - -42) + 9 + -7 + -3 + 9)?
-16
Evaluate (298 - 372) + 11 + -9 + 9.
-63
Calculate -5 + (-2 - -22) + -5 + (9 - 2) + 6.
23
Evaluate -14 + 18 - ((5 - -6) + 31 - 6).
-32
Evaluate (-284 - -265) + (33 - -5 - 3).
16
What is the value of (6 - 1 - (-532 + 530) - (5 - 1)) + 108?
111
5 + -536 + 593 + (2 - (4 - 4)) + -7
57
Evaluate -1 + -1 + 68 + 8568 + -8580.
54
What is 6 + (8 - 17) - (41 - 19 - 10)?
-15
What is the value of -47 + (55 + -40 - 10)?
-42
(-30 + 100 - 171) + 91
-10
-80 + 76 + (45 - (23 - 5))
23
Evaluate 30 + ((-15 - 102) + 24 - -13).
-50
-78 - -74 - (-28 + 0 + -14)
38
What is 49 + -130 - 17 - -20?
-78
(-1 - -3) + 9 + -6 - (7 + -10)
8
Evaluate -3 + -14 + 1 + -21 + -5 + 27.
-15
Evaluate 95 - (10 + (12 - 1) + -7 - (5 - -14)).
100
Evaluate (-1 + -7 - 73) + -3 + -8 + (-1 - -8).
-85
Evaluate -13 - (26 + (14 - 121) + 3 + 11).
54
Evaluate -58 - (-15 + 0 + -85 + 191 + -101).
-48
(11 - (131 + -91)) + -1
-30
Evaluate 14 + -1 - (63 - (42 + (-36 - -7))).
-37
Calculate (-650 - -408) + 231 - (-86 - (0 + -1)).
74
What is 1 + -12 + (-4 - (-26 + 0)) - 30?
-19
What is the value of 0 + -10 + 20 + -41 + 24?
-7
-91 + 0 + (-49 - -103 - 61)
-98
Calculate -51 + 43 - -6 - 28.
-30
What is -23 + 11 + -18 - (14 + -2)?
-42
101 + -112 + 83 + -103
-31
What is the value of (2 + -9 + -1 - (517 - 547)) + -11?
11
Calculate -23 - (-12 + 18 - -25 - -3).
-57
What is the value of 344 - 257 - (16 + 0) - ((-2 - -13) + -12)?
72
Evaluate -6 - -12 - 5 - (6 + -2) - (-42 + -3).
42
What is the value of 11 + (-23 + 34 - -26) - (7 - 0)?
41
6 + (-5 + -1 - -6 - (-8 + 0))
14
What is 104 + (12 + 13 + -14 - (-35 + 23))?
127
Evaluate (11 - 21) + ((-12 - -15) + -14 - 9).
-30
2 + 13 + -10 + 96 + 1 + -181 + 169
90
Evaluate (28 - (-9 - (15 - 99))) + (-1 - -13).
-35
What is -16 - (22 + -39 - -82) - (-14 + 4)?
-71
-5 - (-7 + (-16 - -28) - -26)
-36
What is the value of -294 - -305 - (22 + 27)?
-38
Evaluate 17 + 0 - ((79 - -7) + -75).
6
What is -8 - (-14 + -73 + 49)?
30
What is the value of (-1 + 6 - -2) + (-39 - -22 - -2)?
-8
What is (-3 - -5 - 1) + (-134 + -139 - -195)?
-77
Calculate (-11 - (-6 + 0 + (78 - 87))) + 4 + -20.
-12
Evaluate -34 - -69 - ((-64 - -16) + 22).
61
Calculate 8 - (24 - (0 - -4)) - -5 - -38.
31
Evaluate -16 + -2 + (31 - 3 - 4) + -75.
-69
Calculate 23 - 36 - -25 - (-11 + (-6 - -7)).
22
What is the value of 0 + -9 + (-48 - -58) + (-2 - -5 - -45)?
49
What is ((-5 - -2) + 166 - 53) + (-3 - -1)?
108
Calculate -5 + 6 + (-6 - (-22 + 17) - 0).
0
What is (11 - 23 - -12) + 0 + -2 + 27?
25
What is 6 - -5 - ((-4 - 14) + (-5 - -3) + 8)?
23
What is -92 + (14 - (13 + 0) - (12 + -27))?
-76
(169 - 89) + -9 + 1 + -16
56
Calculate 33 + (-7 + (4 - 2) + -5 - (-54 + 38)).
39
Calculate -1 - (-6 - (-12 - -3) - -44 - 6).
-42
Evaluate 14 + (1 - (-5 + (11 - 3))) + 6.
18
Calculate (-2 - (1 + -17 - -118)) + 5 + 15.
-84
Calculate 63 + 1 + (-5 - 5) - ((1 - -1) + -6).
58
Evaluate (1 - 1) + (12 - (-57 - -73)).
-4
What is 155 + (-10 - 104) + 8 + 1?
50
-25 + -12 + 60 + -26 - (-4 + -96)
97
What is the value of -131 - (0 + (-1 + -9 - (-8 - (12 - 18))))?
-123
(14 - 18 - -54) + (22 + -17 - 6)
49
What is the value of -4 + -4 + -19 + 10 + 8?
-9
Calculate 5 - (-68 - (2 + 6 + -5 + -12 + -1)).
63
Evaluate (18 - (1 - -5)) + 105 + -2 + -31.
84
What is the value of (3 - (24 + -1)) + 20 - -5 - (65 - 2)?
-58
(284 + -115 - 179) + (147 - 2)
135
Evaluate -29 + 1 + 18 - (6 + (-67 - (5 + -8))).
48
Evaluate 5 - (-38 + 2) - ((-9 - -22) + 1).
27
What is 730 + -762 - (0 - 14 - 4)?
-14
Evaluate (345 - 341) + (0 - (5 + -16)) + 87.
102
Calculate 60 + (98 - 126) + (-4 - -13).
41
Calculate 38 + -1 - 15 - 6.
16
Calculate (-1 - 79 - 2) + -658 + 676 + -7.
-71
What is 9 + (20 + -20 - 16) - (-78 - 11)?
82
What is 14 - (-11 - 13 - 2)?
40
What is (7 - 16 - 5 - 30) + (-3 - -10)?
-37
What is the value of -61 + (-20 - -75 - 14)?
-20
What is the value of -117 - 13 - (-792 - -788)?
-126
What is 14 - (1 + -14 - (670 + -595))?
102
What is 38 - ((112 - 76) + -23 + 3)?
22
Evaluate (-3 - (5 + -38) - 6) + 123.
147
Evaluate (35 - 73) + 26 + -8.
-20
Calculate 1378 + -1402 - (0 + (3 - 35)).
8
5 - (-9 + -30 + -36)
80
What is the value of 289 + (-131 - -30) + -151?
37
162 - ((6 + -2 - (16 - 58 - -37)) + 0)
153
Calculate (-4 - -49 - -10 - -12) + -20 + -5.
42
What is the value of (1 - 14) + (235 - 258) + -8?
-44
(-225 - -138) + 152 - (-1 + -23)
89
What is 29 + -30 + -11 + -5 + 4?
-13
What is the value of 16 + (-9 - 8) - (10 - 1 - (37 - 89))?
-62
What is (-3 + 113 - 1) + -50?
59
What is 10 + (29 - -3) + (13 - (2 - (-10 - -3)))?
46
Evaluate -5 + 14 + -94 - (43 + -51).
-77
Evaluate 47 + -98 + 3 - 32.
-80
1 + -14 - ((-3 - -6 - 18) + 5 + 2)
-5
What is the value of 11 + -1 + (39 - 34 - 6) + (-17 - -122)?
114
What is 9 - (-4 + -1 - -10 - -21) - (2 + -9)?
-10
-54 + -21 + -6 - -59
-22
Evaluate -7 + 0 + -9 + 6 + (0 - -8) + -50.
-52
What is 0 + 1 + 27 + -285 +